e prime factors of i?
3, 41
Let g(m) = 1121*m**2 + 20*m + 98. What are the prime factors of g(-4)?
2, 47, 191
Let s = 167160 + -117188. List the prime factors of s.
2, 13, 31
Suppose -2*x - 2 = -5*k, -3*k + 0*x = -4*x + 10. Suppose -3*t = 2*v, 4*t = -3*v - k*v + 7. List the prime factors of (85/4)/(t/(-8)).
5, 17
Let d be 35/(-5) - (0 - 1). Let o be (-129192)/(-210) - (-4)/5. What are the prime factors of o/12*(-9)/d?
7, 11
Let l = -51 - -52. Let p(h) = 126*h**2 - 4*h + 2. Let t be p(l). Suppose 0 = 3*f - 296 - t. What are the prime factors of f?
2, 5, 7
List the prime factors of ((-1)/3 - (-1)/12) + 21533/4.
7, 769
What are the prime factors of (75005/2)/((-320)/(-128))?
7, 2143
Let w be 3*2/6*231. Let d = 413 - 24. Let k = d - w. List the prime factors of k.
2, 79
Suppose -6*s - 2799 = -3*s - 2*z, -2*s - 4*z - 1882 = 0. Let n = 1331 + s. List the prime factors of n.
2, 3, 11
Let h(v) = 13*v**2 + 5*v - 116. What are the prime factors of h(23)?
2, 3, 191
Let m = -11 - -13. Suppose -7 - 5 = -m*i. List the prime factors of 399/i - (-1 + 3/6).
67
Let d(f) = 12*f + 42. Let p be d(-11). Let s = 264 - p. What are the prime factors of s?
2, 3, 59
Let g be ((-1)/(10/8))/(23/(-230)). What are the prime factors of 670/(-2)*(g + -10)/2?
5, 67
Let s(t) = -t**3 + t**2 + 144*t + 15499. What are the prime factors of s(0)?
11, 1409
Let y be (-4)/12 + 14/6. Suppose y*z = -11 + 61. List the prime factors of z - 6 - (-1 + 4).
2
Let t(d) = 3*d + 3. Let r be t(-3). Let g(f) be the second derivative of -f**4/12 - 5*f**3/3 + 11*f**2 + 57*f. List the prime factors of g(r).
2, 23
Suppose 5*o + 5 = -0. Let g = o + 2. Suppose 194 = 2*s + 3*l, 5 + g = -3*l. List the prime factors of s.
2, 5
Let z(y) = -y**3 - 2*y**2 - 3*y - 1. Suppose f + 0*s - 18 = -s, -f + 12 = -5*s. Suppose 5*p + f = 2*c, 1 = -0*p - p - 2*c. What are the prime factors of z(p)?
17
Suppose -2*c = 5*x - 3468, 5*c = -0*x + 2*x - 1364. Suppose 509 = 2*b + b + w, -2*w - x = -4*b. List the prime factors of b.
3, 19
Let a(r) = 4*r**2 - 29*r + 5. Let t be a(7). What are the prime factors of (-12)/((-8)/82*t/(-4))?
2, 3, 41
Suppose -154*t + 678 = -156*t. Let f = -120 - t. Suppose -750 + f = -3*k. List the prime factors of k.
3, 59
Suppose -2*p = 5 + 1, 5*p - 3450 = 3*x. Let a = 3747 - x. What are the prime factors of a/54 - (-2)/9?
7, 13
Let m = -7859 + 16625. List the prime factors of m.
2, 3, 487
Suppose 3*q - 2*s = 31, 0 = -s + 6 - 5. Suppose -6811 - 1802 = -q*b. List the prime factors of b.
3, 29
List the prime factors of 13 + (-26898)/(-8) - 3/(-4).
2, 211
Suppose -250*p + 3826694 = -70*p + 1154. What are the prime factors of p?
53, 401
Suppose -2*u = 4*h - 874, 4*u = h - 0*u - 205. Let m = h - 148. What are the prime factors of m?
3, 23
Suppose -q - s = 0, -2*s + 4*s - 10 = -4*q. Suppose q*t + 76 = 3*n, -16 = -4*t - 5*n - 62. List the prime factors of 1/(-2) - 1239/t.
2, 11
Suppose -12*y + 24 = -10*y. Suppose -4111 - 1097 = -y*r. Let i = r + -161. What are the prime factors of i?
3, 7, 13
Let l be (2/6)/((-22)/43626). What are the prime factors of 19/(-57)*3*l?
661
Let r = 505 - 1090. Let m = 793 + r. What are the prime factors of m?
2, 13
Let v(q) = -q**3 - 15*q**2 - 2. Let f be v(-17). Suppose 3*d - f = -0*j - 2*j, 4*j - 1132 = 4*d. Let w = j + -151. What are the prime factors of w?
2, 67
Suppose 3650 = 12*t - 2578. Let s = 719 + t. What are the prime factors of s?
2, 619
Let s be (-4130)/4 - (-5 + (-27)/(-6)). Let r = -336 - s. Suppose -4*x + r = 4*i - 0*x, 4*x = -3*i + 525. What are the prime factors of i?
3, 19
Suppose 15 = v + 30. List the prime factors of (-7693)/v + 8/60.
3, 19
Let l(k) be the first derivative of 14*k**3/3 - k**2 - 3*k + 122. Suppose 3*d - 9 = 4*z + 4*d, -4*z - 3*d - 11 = 0. What are the prime factors of l(z)?
3, 19
Suppose 5*h + 164 = 7*h + 4*m, 5*h - 5*m - 455 = 0. Suppose 4*x - j - 307 = 0, 26*x - 27*x + 4*j = -h. List the prime factors of x.
2, 19
Let i(f) = -926*f**3 + 10*f**2 + 6*f + 13. What are the prime factors of i(-3)?
25087
Let t = -36021 + 78250. List the prime factors of t.
11, 349
Suppose 5*v - 19 + 3 = l, -4*v + 4*l = -16. Let k be 6 - v - -2*2. List the prime factors of -2 - k/(8/(-6) - -1).
19
Let i be ((-6)/9)/((3 + 0)/(-9)). Suppose -i*t + 2*x + 34 = 0, 0 = -7*t + 4*t + x + 49. Suppose 0 = t*y - 18*y + 88. What are the prime factors of y?
2, 11
Suppose -4*t + 30 = 26. Let k be (t - 0) + 1*10. List the prime factors of 2/k - (-3468)/44.
79
Suppose -8742 - 8847 = 13*g. What are the prime factors of -4 + (-1)/(3/g)?
3, 149
Suppose 326594 - 73559 + 41625 = 20*r. What are the prime factors of r?
3, 1637
Let q = -42 + 42. Suppose 35*r - 5*r - 12270 = q. List the prime factors of r.
409
Suppose 541158 = -46*f + 227*f - 80*f. List the prime factors of f.
2, 3, 19, 47
Let t = 694 - 339. List the prime factors of t.
5, 71
Let b(n) = -2*n**2 - n + 6. Let p be b(2). Let s be 1/(-1) + -1 - p. Suppose s*y + c = 349, -y + c = -2*c - 178. What are the prime factors of y?
5, 7
Let m(d) = -2*d**3 + 97*d**2 - 19*d - 258. What are the prime factors of m(41)?
2, 7, 11, 157
Let z = -192 - -274. Suppose -m + z = -2*f - 148, 3*f + 228 = m. Let k = -49 + m. What are the prime factors of k?
5, 37
Let a be 3/(((-6)/(-8))/1). Let g = -9273 + 9275. Suppose 4*i = 16, 0*n = g*n + a*i - 302. List the prime factors of n.
11, 13
Suppose -6*d + 11 = -1. Suppose -d*b = 3*b - 5*f + 5, -3*f + 9 = -b. Suppose -b*u - 18 = -231. What are the prime factors of u?
71
List the prime factors of 24/(-2) - 30024/(-12).
2, 3, 5, 83
Suppose 0 = 2*t + 2*a - 746, -35*t - 3*a + 1490 = -31*t. Suppose -t = 21*m - 18284. What are the prime factors of m?
853
Let m be 245 + -6 + 9 + -6. Suppose -f = s - 5*f - m, 4*s = 5*f + 979. What are the prime factors of s?
2, 3, 41
Let h = -91 + 94. Suppose s + 5*j = -3, 7*s + h*j + 13 = 12*s. Suppose 0 = -4*k + 4*f + 652, -7*k + 5*k - s*f = -326. List the prime factors of k.
163
Suppose -502*k = -497*k - 8225. Suppose -52*u + 59*u = k. What are the prime factors of u?
5, 47
Let s = 294 - 67. Suppose 2*p - 3*p = -s. Suppose p = 5*z - 68. What are the prime factors of z?
59
Suppose t = -6*t + 42. What are the prime factors of t/8 + 13165/20?
659
Let h = -2142 - -3468. Let l = h - 526. What are the prime factors of l?
2, 5
Let t(o) = -14*o - 128. Let f(j) = 5*j + 43. Let d(h) = -17*f(h) - 6*t(h). Let q be -14 - (-87)/(-15)*-5. List the prime factors of d(q).
2, 11
Suppose -2*h = 3*s + 16, 6*s - 4*s = -5*h - 29. What are the prime factors of ((-204)/5 + 4)*h?
2, 23
Let a(s) = 4*s**2 + 17*s + 7781. List the prime factors of a(82).
7, 5153
Suppose 9570*v - 1925587 = 9509*v. What are the prime factors of v?
31567
Suppose -191*a - 80*a = -8994219. List the prime factors of a.
3, 13, 23, 37
Suppose -4*l = -4*w + 27616, 5*w = 8*l - 9*l + 34544. What are the prime factors of w?
2, 11, 157
Let v be 13809/18*2 + 12/18. Suppose 3*p = 2*n + 1526, -v + 1 = -3*p + 4*n. List the prime factors of p.
2, 11, 23
Suppose -2*l = -5*t - 3, -2*l + 6 = -3*t + 5. Let p be 0/(t + 0 + -1). Suppose -9*z + 636 + 867 = p. List the prime factors of z.
167
Let x(n) = n - 10. Let u be x(7). Let v be 38/1 + (2 - 3/u). Suppose -260 = v*i - 45*i. What are the prime factors of i?
5, 13
Let d = 89 - 54. Suppose -18*i + 19*i = 10. Suppose -234 - d = -m + 5*w, -5*w = i. What are the prime factors of m?
7, 37
Let k(w) be the first derivative of 38*w**3 + 9*w**2/2 - 16*w - 82. What are the prime factors of k(3)?
17, 61
Let v = -39 - -372. Let q = 1132 - v. List the prime factors of q.
17, 47
Let b(i) = -62*i - 2231. What are the prime factors of b(-40)?
3, 83
Let g = -196 + 200. Suppose 26*v - 2024 = g*v. List the prime factors of v.
2, 23
Suppose 180 = -z - 5*v, 5*z - z - v + 762 = 0. Let w = 252 + z. What are the prime factors of w?
2, 31
Let a = 98911 - 47883. What are the prime factors of a?
2, 12757
Suppose 4*y - 217944 = -n, 4*y - 1217*n = -1222*n + 217976. What are the prime factors of y?
2, 53, 257
Let r(y) = 4844*y**3 + 8*y**2 - 6*y - 4. What are the prime factors of r(1)?
2, 3, 269
Let t(r) = 29*r + 47*r**3 + 42*r**3 + 27*r**2 - 90*r**3 - 33. Let o be t(28). List the prime factors of -4 + 2 + -2 - (-173 + o).
2, 3, 29
Let g = 521 - 518. Suppose o + 636 - 2029 = -g*t, 0 = 4*t - 3*o - 1866. What are the prime 